{"id":82847,"date":"2020-05-23T13:23:04","date_gmt":"2020-05-23T13:23:04","guid":{"rendered":"https:\/\/www.schlosstorgelow.de\/videos\/schlossgefluester-podcast-boeluem-5"},"modified":"2026-01-12T14:32:20","modified_gmt":"2026-01-12T14:32:20","slug":"schlossgefluester-podcast-boeluem-5","status":"publish","type":"videos","link":"https:\/\/www.schlosstorgelow.de\/tr\/videos\/schlossgefluester-podcast-boeluem-5","title":{"rendered":"Schlossgefl\u00fcster-Podcast B\u00f6l\u00fcm 5"},"content":{"rendered":"\n<p>Podcast &#8220;Schlossgefl\u00fcster&#8221; iyi haberlerdir: Instagram sorumlumuz Marie, eski \u00f6\u011frenci ve mentor ve arkada\u015f\u0131 Simon, g\u00fcncel karantina deneyimlerini payla\u015f\u0131yor, yat\u0131l\u0131 okuldan, hayattan ve g\u00fcncel olaylardan bahsediyorlar.<\/p>\n\n<p>Podcast&#8217;lerinin be\u015finci b\u00f6l\u00fcm\u00fcnde &#8220;Schlossgefl\u00fcster&#8221;, Marie ve Simon \u00f6zel bir misafir a\u011f\u0131rl\u0131yor. Carla Vest&#8217;i, 2016 y\u0131l\u0131nda Schloss Torgelow&#8217;dan mezun olan eski bir \u00f6\u011frenci ve Heidelberg \u00dcniversitesi&#8217;nde alt\u0131nc\u0131 s\u0131n\u0131f hukuk \u00f6\u011frencisi olarak selaml\u0131yorlar. Carla, &#8220;Anlat bakal\u0131m&#8230;&#8221; adl\u0131 yeni k\u00f6\u015feyi ba\u015flat\u0131yor. Schloss Torgelow Instagram takip\u00e7ilerinin sorular\u0131n\u0131 yan\u0131tl\u0131yor ve hukuk e\u011fitimindeki deneyimlerini payla\u015f\u0131yor. Ayr\u0131ca Simon, &#8220;Bis in die Puppen&#8221; deyiminin nereden geldi\u011fini a\u00e7\u0131kl\u0131yor &#8211; yani, Carla gibi, Berlin&#8217;den.    <\/p>\n\n<p>T\u0131klay\u0131n ve dinlemeye ba\u015flay\u0131n: <a href=\"https:\/\/soundcloud.com\/user-596007231\/folge-5-erzahl-mal-teil-1\" title=\"&#x130;&#xE7; ba&#x11F;lant&#x131;y&#x131; mevcut pencerede a&#xE7;ar\">Schlossgefl\u00fcster B\u00f6l\u00fcm 5<\/a><\/p>\n","protected":false},"excerpt":{"rendered":"<p>Schlossgefl\u00fcster-Podcast B\u00f6l\u00fcm 5<\/p>\n","protected":false},"author":1,"featured_media":68658,"template":"","meta":{"_acf_changed":false},"class_list":["post-82847","videos","type-videos","status-publish","has-post-thumbnail"],"acf":[],"yoast_head":"<!-- This site is optimized with the Yoast SEO plugin v26.9 - https:\/\/yoast.com\/product\/yoast-seo-wordpress\/ -->\n<title>Schlossgefl\u00fcster-Podcast B\u00f6l\u00fcm 5 - Schloss Torgelow<\/title>\n<meta name=\"description\" content=\"Schlossgefl\u00fcster Podcast B\u00f6l\u00fcm 5: Marie ve Simon, mezun Carla Vest ile hukuk e\u011fitimi hakk\u0131nda konu\u015fuyor. \u201cBis in die Puppen\u201d ne anlama geliyor?\" \/>\n<meta name=\"robots\" content=\"index, follow, max-snippet:-1, max-image-preview:large, max-video-preview:-1\" \/>\n<link rel=\"canonical\" href=\"https:\/\/www.schlosstorgelow.de\/tr\/videos\/schlossgefluester-podcast-boeluem-5\" \/>\n<meta property=\"og:locale\" content=\"tr_TR\" \/>\n<meta property=\"og:type\" content=\"article\" \/>\n<meta property=\"og:title\" content=\"Schlossgefl\u00fcster-Podcast B\u00f6l\u00fcm 5 - Schloss Torgelow\" \/>\n<meta property=\"og:description\" content=\"Schlossgefl\u00fcster Podcast B\u00f6l\u00fcm 5: Marie ve Simon, mezun Carla Vest ile hukuk e\u011fitimi hakk\u0131nda konu\u015fuyor. \u201cBis in die Puppen\u201d ne anlama geliyor?\" \/>\n<meta property=\"og:url\" content=\"https:\/\/www.schlosstorgelow.de\/tr\/videos\/schlossgefluester-podcast-boeluem-5\" \/>\n<meta property=\"og:site_name\" content=\"Schloss Torgelow\" \/>\n<meta property=\"article:modified_time\" content=\"2026-01-12T14:32:20+00:00\" \/>\n<meta name=\"twitter:card\" content=\"summary_large_image\" \/>\n<meta name=\"twitter:label1\" content=\"Tahmini okuma s\u00fcresi\" \/>\n\t<meta name=\"twitter:data1\" content=\"1 dakika\" \/>\n<script type=\"application\/ld+json\" class=\"yoast-schema-graph\">{\"@context\":\"https:\/\/schema.org\",\"@graph\":[{\"@type\":\"WebPage\",\"@id\":\"https:\/\/www.schlosstorgelow.de\/tr\/videos\/schlossgefluester-podcast-boeluem-5#webpage\",\"url\":\"https:\/\/www.schlosstorgelow.de\/tr\/videos\/schlossgefluester-podcast-boeluem-5\",\"name\":\"Schlossgefl\u00fcster-Podcast B\u00f6l\u00fcm 5 - Schloss Torgelow\",\"isPartOf\":{\"@id\":\"https:\/\/www.schlosstorgelow.de\/tr#website\"},\"primaryImageOfPage\":{\"@id\":\"https:\/\/www.schlosstorgelow.de\/tr\/videos\/schlossgefluester-podcast-boeluem-5#primaryimage\"},\"image\":{\"@id\":\"https:\/\/www.schlosstorgelow.de\/tr\/videos\/schlossgefluester-podcast-boeluem-5#primaryimage\"},\"thumbnailUrl\":\"https:\/\/www.schlosstorgelow.de\/wp-content\/uploads\/2020\/05\/schlossgefluester-podcast-teil5.avif\",\"datePublished\":\"2020-05-23T13:23:04+00:00\",\"dateModified\":\"2026-01-12T14:32:20+00:00\",\"description\":\"Schlossgefl\u00fcster Podcast B\u00f6l\u00fcm 5: Marie ve Simon, mezun Carla Vest ile hukuk e\u011fitimi hakk\u0131nda konu\u015fuyor. \u201cBis in die Puppen\u201d ne anlama geliyor?\",\"breadcrumb\":{\"@id\":\"https:\/\/www.schlosstorgelow.de\/tr\/videos\/schlossgefluester-podcast-boeluem-5#breadcrumb\"},\"inLanguage\":\"tr\",\"potentialAction\":[{\"@type\":\"ReadAction\",\"target\":[\"https:\/\/www.schlosstorgelow.de\/tr\/videos\/schlossgefluester-podcast-boeluem-5\"]}]},{\"@type\":\"ImageObject\",\"inLanguage\":\"tr\",\"@id\":\"https:\/\/www.schlosstorgelow.de\/tr\/videos\/schlossgefluester-podcast-boeluem-5#primaryimage\",\"url\":\"https:\/\/www.schlosstorgelow.de\/wp-content\/uploads\/2020\/05\/schlossgefluester-podcast-teil5.avif\",\"contentUrl\":\"https:\/\/www.schlosstorgelow.de\/wp-content\/uploads\/2020\/05\/schlossgefluester-podcast-teil5.avif\",\"width\":1920,\"height\":1080,\"caption\":\"Schlossgefl\u00fcster-Podcast B\u00f6l\u00fcm 5\"},{\"@type\":\"BreadcrumbList\",\"@id\":\"https:\/\/www.schlosstorgelow.de\/tr\/videos\/schlossgefluester-podcast-boeluem-5#breadcrumb\",\"itemListElement\":[{\"@type\":\"ListItem\",\"position\":1,\"name\":\"Startseite\",\"item\":\"https:\/\/www.schlosstorgelow.de\/tr\"},{\"@type\":\"ListItem\",\"position\":2,\"name\":\"Schlossgefl\u00fcster-Podcast B\u00f6l\u00fcm 5\"}]},{\"@type\":\"WebSite\",\"@id\":\"https:\/\/www.schlosstorgelow.de\/tr#website\",\"url\":\"https:\/\/www.schlosstorgelow.de\/tr\",\"name\":\"Schloss Torgelow\",\"description\":\"\u00d6zel yat\u0131l\u0131 lise Schloss Torgelow \u2013 zorluklar\u0131 seven \u00f6\u011frenciler i\u00e7in yat\u0131l\u0131 okul.\",\"potentialAction\":[{\"@type\":\"SearchAction\",\"target\":{\"@type\":\"EntryPoint\",\"urlTemplate\":\"https:\/\/www.schlosstorgelow.de\/tr?s={search_term_string}\"},\"query-input\":{\"@type\":\"PropertyValueSpecification\",\"valueRequired\":true,\"valueName\":\"search_term_string\"}}],\"inLanguage\":\"tr\"}]}<\/script>\n<!-- \/ Yoast SEO plugin. -->","yoast_head_json":{"title":"Schlossgefl\u00fcster-Podcast B\u00f6l\u00fcm 5 - Schloss Torgelow","description":"Schlossgefl\u00fcster Podcast B\u00f6l\u00fcm 5: Marie ve Simon, mezun Carla Vest ile hukuk e\u011fitimi hakk\u0131nda konu\u015fuyor. \u201cBis in die Puppen\u201d ne anlama geliyor?","robots":{"index":"index","follow":"follow","max-snippet":"max-snippet:-1","max-image-preview":"max-image-preview:large","max-video-preview":"max-video-preview:-1"},"canonical":"https:\/\/www.schlosstorgelow.de\/tr\/videos\/schlossgefluester-podcast-boeluem-5","og_locale":"tr_TR","og_type":"article","og_title":"Schlossgefl\u00fcster-Podcast B\u00f6l\u00fcm 5 - Schloss Torgelow","og_description":"Schlossgefl\u00fcster Podcast B\u00f6l\u00fcm 5: Marie ve Simon, mezun Carla Vest ile hukuk e\u011fitimi hakk\u0131nda konu\u015fuyor. \u201cBis in die Puppen\u201d ne anlama geliyor?","og_url":"https:\/\/www.schlosstorgelow.de\/tr\/videos\/schlossgefluester-podcast-boeluem-5","og_site_name":"Schloss Torgelow","article_modified_time":"2026-01-12T14:32:20+00:00","twitter_card":"summary_large_image","twitter_misc":{"Tahmini okuma s\u00fcresi":"1 dakika"},"schema":{"@context":"https:\/\/schema.org","@graph":[{"@type":"WebPage","@id":"https:\/\/www.schlosstorgelow.de\/tr\/videos\/schlossgefluester-podcast-boeluem-5#webpage","url":"https:\/\/www.schlosstorgelow.de\/tr\/videos\/schlossgefluester-podcast-boeluem-5","name":"Schlossgefl\u00fcster-Podcast B\u00f6l\u00fcm 5 - Schloss Torgelow","isPartOf":{"@id":"https:\/\/www.schlosstorgelow.de\/tr#website"},"primaryImageOfPage":{"@id":"https:\/\/www.schlosstorgelow.de\/tr\/videos\/schlossgefluester-podcast-boeluem-5#primaryimage"},"image":{"@id":"https:\/\/www.schlosstorgelow.de\/tr\/videos\/schlossgefluester-podcast-boeluem-5#primaryimage"},"thumbnailUrl":"https:\/\/www.schlosstorgelow.de\/wp-content\/uploads\/2020\/05\/schlossgefluester-podcast-teil5.avif","datePublished":"2020-05-23T13:23:04+00:00","dateModified":"2026-01-12T14:32:20+00:00","description":"Schlossgefl\u00fcster Podcast B\u00f6l\u00fcm 5: Marie ve Simon, mezun Carla Vest ile hukuk e\u011fitimi hakk\u0131nda konu\u015fuyor. \u201cBis in die Puppen\u201d ne anlama geliyor?","breadcrumb":{"@id":"https:\/\/www.schlosstorgelow.de\/tr\/videos\/schlossgefluester-podcast-boeluem-5#breadcrumb"},"inLanguage":"tr","potentialAction":[{"@type":"ReadAction","target":["https:\/\/www.schlosstorgelow.de\/tr\/videos\/schlossgefluester-podcast-boeluem-5"]}]},{"@type":"ImageObject","inLanguage":"tr","@id":"https:\/\/www.schlosstorgelow.de\/tr\/videos\/schlossgefluester-podcast-boeluem-5#primaryimage","url":"https:\/\/www.schlosstorgelow.de\/wp-content\/uploads\/2020\/05\/schlossgefluester-podcast-teil5.avif","contentUrl":"https:\/\/www.schlosstorgelow.de\/wp-content\/uploads\/2020\/05\/schlossgefluester-podcast-teil5.avif","width":1920,"height":1080,"caption":"Schlossgefl\u00fcster-Podcast B\u00f6l\u00fcm 5"},{"@type":"BreadcrumbList","@id":"https:\/\/www.schlosstorgelow.de\/tr\/videos\/schlossgefluester-podcast-boeluem-5#breadcrumb","itemListElement":[{"@type":"ListItem","position":1,"name":"Startseite","item":"https:\/\/www.schlosstorgelow.de\/tr"},{"@type":"ListItem","position":2,"name":"Schlossgefl\u00fcster-Podcast B\u00f6l\u00fcm 5"}]},{"@type":"WebSite","@id":"https:\/\/www.schlosstorgelow.de\/tr#website","url":"https:\/\/www.schlosstorgelow.de\/tr","name":"Schloss Torgelow","description":"\u00d6zel yat\u0131l\u0131 lise Schloss Torgelow \u2013 zorluklar\u0131 seven \u00f6\u011frenciler i\u00e7in yat\u0131l\u0131 okul.","potentialAction":[{"@type":"SearchAction","target":{"@type":"EntryPoint","urlTemplate":"https:\/\/www.schlosstorgelow.de\/tr?s={search_term_string}"},"query-input":{"@type":"PropertyValueSpecification","valueRequired":true,"valueName":"search_term_string"}}],"inLanguage":"tr"}]}},"block_visibility_meta":[],"_links":{"self":[{"href":"https:\/\/www.schlosstorgelow.de\/tr\/wp-json\/wp\/v2\/videos\/82847","targetHints":{"allow":["GET"]}}],"collection":[{"href":"https:\/\/www.schlosstorgelow.de\/tr\/wp-json\/wp\/v2\/videos"}],"about":[{"href":"https:\/\/www.schlosstorgelow.de\/tr\/wp-json\/wp\/v2\/types\/videos"}],"author":[{"embeddable":true,"href":"https:\/\/www.schlosstorgelow.de\/tr\/wp-json\/wp\/v2\/users\/1"}],"wp:featuredmedia":[{"embeddable":true,"href":"https:\/\/www.schlosstorgelow.de\/tr\/wp-json\/wp\/v2\/media\/68658"}],"wp:attachment":[{"href":"https:\/\/www.schlosstorgelow.de\/tr\/wp-json\/wp\/v2\/media?parent=82847"}],"curies":[{"name":"wp","href":"https:\/\/api.w.org\/{rel}","templated":true}]}}

Schlossgeflüster-Podcast Bölüm 5

<p>Podcast &#8220;Schlossgeflüster&#8221; iyi haberlerdir: Instagram sorumlumuz Marie, eski öğrenci ve mentor ve arkadaşı Simon, güncel karantina deneyimlerini paylaşıyor, yatılı okuldan, hayattan ve güncel olaylardan bahsediyorlar.</p>

<p>Podcast&#8217;lerinin beşinci bölümünde &#8220;Schlossgeflüster&#8221;, Marie ve Simon özel bir misafir ağırlıyor. Carla Vest&#8217;i, 2016 yılında Schloss Torgelow&#8217;dan mezun olan eski bir öğrenci ve Heidelberg Üniversitesi&#8217;nde altıncı sınıf hukuk öğrencisi olarak selamlıyorlar. Carla, &#8220;Anlat bakalım&#8230;&#8221; adlı yeni köşeyi başlatıyor. Schloss Torgelow Instagram takipçilerinin sorularını yanıtlıyor ve hukuk eğitimindeki deneyimlerini paylaşıyor. Ayrıca Simon, &#8220;Bis in die Puppen&#8221; deyiminin nereden geldiğini açıklıyor &#8211; yani, Carla gibi, Berlin&#8217;den.    </p>

<p>Tıklayın ve dinlemeye başlayın: <a href="https://soundcloud.com/user-596007231/folge-5-erzahl-mal-teil-1" title="&#x130;&#xE7; ba&#x11F;lant&#x131;y&#x131; mevcut pencerede a&#xE7;ar">Schlossgeflüster Bölüm 5</a></p>

<p>Schlossgeflüster-Podcast Bölüm 5</p>

<!-- This site is optimized with the Yoast SEO plugin v26.9 - https://yoast.com/product/yoast-seo-wordpress/ -->
<title>Schlossgeflüster-Podcast Bölüm 5 - Schloss Torgelow</title>
<meta name="description" content="Schlossgeflüster Podcast Bölüm 5: Marie ve Simon, mezun Carla Vest ile hukuk eğitimi hakkında konuşuyor. “Bis in die Puppen” ne anlama geliyor?" />
<meta name="robots" content="index, follow, max-snippet:-1, max-image-preview:large, max-video-preview:-1" />
<link rel="canonical" href="https://www.schlosstorgelow.de/tr/videos/schlossgefluester-podcast-boeluem-5" />
<meta property="og:locale" content="tr_TR" />
<meta property="og:type" content="article" />
<meta property="og:title" content="Schlossgeflüster-Podcast Bölüm 5 - Schloss Torgelow" />
<meta property="og:description" content="Schlossgeflüster Podcast Bölüm 5: Marie ve Simon, mezun Carla Vest ile hukuk eğitimi hakkında konuşuyor. “Bis in die Puppen” ne anlama geliyor?" />
<meta property="og:url" content="https://www.schlosstorgelow.de/tr/videos/schlossgefluester-podcast-boeluem-5" />
<meta property="og:site_name" content="Schloss Torgelow" />
<meta property="article:modified_time" content="2026-01-12T14:32:20+00:00" />
<meta name="twitter:card" content="summary_large_image" />
<meta name="twitter:label1" content="Tahmini okuma süresi" />
	<meta name="twitter:data1" content="1 dakika" />
<script type="application/ld+json" class="yoast-schema-graph">{"@context":"https://schema.org","@graph":[{"@type":"WebPage","@id":"https://www.schlosstorgelow.de/tr/videos/schlossgefluester-podcast-boeluem-5#webpage","url":"https://www.schlosstorgelow.de/tr/videos/schlossgefluester-podcast-boeluem-5","name":"Schlossgeflüster-Podcast Bölüm 5 - Schloss Torgelow","isPartOf":{"@id":"https://www.schlosstorgelow.de/tr#website"},"primaryImageOfPage":{"@id":"https://www.schlosstorgelow.de/tr/videos/schlossgefluester-podcast-boeluem-5#primaryimage"},"image":{"@id":"https://www.schlosstorgelow.de/tr/videos/schlossgefluester-podcast-boeluem-5#primaryimage"},"thumbnailUrl":"https://www.schlosstorgelow.de/wp-content/uploads/2020/05/schlossgefluester-podcast-teil5.avif","datePublished":"2020-05-23T13:23:04+00:00","dateModified":"2026-01-12T14:32:20+00:00","description":"Schlossgeflüster Podcast Bölüm 5: Marie ve Simon, mezun Carla Vest ile hukuk eğitimi hakkında konuşuyor. “Bis in die Puppen” ne anlama geliyor?","breadcrumb":{"@id":"https://www.schlosstorgelow.de/tr/videos/schlossgefluester-podcast-boeluem-5#breadcrumb"},"inLanguage":"tr","potentialAction":[{"@type":"ReadAction","target":["https://www.schlosstorgelow.de/tr/videos/schlossgefluester-podcast-boeluem-5"]}]},{"@type":"ImageObject","inLanguage":"tr","@id":"https://www.schlosstorgelow.de/tr/videos/schlossgefluester-podcast-boeluem-5#primaryimage","url":"https://www.schlosstorgelow.de/wp-content/uploads/2020/05/schlossgefluester-podcast-teil5.avif","contentUrl":"https://www.schlosstorgelow.de/wp-content/uploads/2020/05/schlossgefluester-podcast-teil5.avif","width":1920,"height":1080,"caption":"Schlossgeflüster-Podcast Bölüm 5"},{"@type":"BreadcrumbList","@id":"https://www.schlosstorgelow.de/tr/videos/schlossgefluester-podcast-boeluem-5#breadcrumb","itemListElement":[{"@type":"ListItem","position":1,"name":"Startseite","item":"https://www.schlosstorgelow.de/tr"},{"@type":"ListItem","position":2,"name":"Schlossgeflüster-Podcast Bölüm 5"}]},{"@type":"WebSite","@id":"https://www.schlosstorgelow.de/tr#website","url":"https://www.schlosstorgelow.de/tr","name":"Schloss Torgelow","description":"Özel yatılı lise Schloss Torgelow – zorlukları seven öğrenciler için yatılı okul.","potentialAction":[{"@type":"SearchAction","target":{"@type":"EntryPoint","urlTemplate":"https://www.schlosstorgelow.de/tr?s={search_term_string}"},"query-input":{"@type":"PropertyValueSpecification","valueRequired":true,"valueName":"search_term_string"}}],"inLanguage":"tr"}]}</script>
<!-- / Yoast SEO plugin. -->

Schlossgeflüster-Podcast Bölüm 5 - Schloss Torgelow

Schlossgeflüster Podcast Bölüm 5: Marie ve Simon, mezun Carla Vest ile hukuk eğitimi hakkında konuşuyor. “Bis in die Puppen” ne anlama geliyor?

Özel yatılı lise Schloss Torgelow – zorlukları seven öğrenciler için yatılı okul.
