{"id":82118,"date":"2014-11-21T12:06:00","date_gmt":"2014-11-21T12:06:00","guid":{"rendered":"https:\/\/www.schlosstorgelow.de\/videos\/le-film-de-torgelow"},"modified":"2026-01-10T17:12:18","modified_gmt":"2026-01-10T17:12:18","slug":"le-film-de-torgelow","status":"publish","type":"videos","link":"https:\/\/www.schlosstorgelow.de\/fr\/videos\/le-film-de-torgelow","title":{"rendered":"Le film de Torgelow"},"content":{"rendered":"\n<figure class=\"wp-block-embed is-type-video is-provider-vimeo wp-block-embed-vimeo wp-embed-aspect-16-9 wp-has-aspect-ratio\"><div class=\"wp-block-embed__wrapper\">\n\n    <div class=\"video-facade content-video-facade\" data-video-id=\"154591387\" data-provider=\"vimeo\" data-original-iframe=\"&lt;iframe title=&quot;Film Schloss Torgelow&quot; src=&quot;https:\/\/player.vimeo.com\/video\/154591387?dnt=1&amp;app_id=122963&#038;dnt=1&quot; width=&quot;512&quot; height=&quot;288&quot; frameborder=&quot;0&quot; allow=&quot;autoplay; fullscreen; picture-in-picture; clipboard-write; encrypted-media; web-share&quot; referrerpolicy=&quot;strict-origin-when-cross-origin&quot;&gt;&lt;\/iframe&gt;\" width=\"512\" height=\"288\">\n        <img decoding=\"async\" src=\"https:\/\/i.vimeocdn.com\/video\/555144626-43ce8ee6cfb7dc53b72eebea0d6b2cf580c7a80c61ec9be232d652e327cce453-d?region=us&#038;mw=1280&#038;mh=720&#038;q=100\" alt=\"Video thumbnail\" loading=\"lazy\">\n        <button class=\"video-play-button\" aria-label=\"Play video\">\n            <svg width=\"68\" height=\"48\" viewBox=\"0 0 68 48\"><path d=\"M66.52 7.74c-.78-2.93-2.49-5.41-5.42-6.19C55.79.13 34 0 34 0S12.21.13 6.9 1.55c-2.93.78-4.63 3.26-5.42 6.19C.06 13.05 0 24 0 24s.06 10.95 1.48 16.26c.78 2.93 2.49 5.41 5.42 6.19C12.21 47.87 34 48 34 48s21.79-.13 27.1-1.55c2.93-.78 4.64-3.26 5.42-6.19C67.94 34.95 68 24 68 24s-.06-10.95-1.48-16.26z\" fill=\"red\"\/><path d=\"M45 24L27 14v20\" fill=\"white\"\/><\/svg>\n        <\/button>\n        <div class=\"video-consent-notice\" style=\"display: none;\">\n            <p class=\"video-consent-text first-attempt\">To watch the video, you need to accept cookies.<\/p>\n            <p class=\"video-consent-text try-again\">Cookies have not been accepted yet. Please accept cookies first and try again.<\/p>\n            <button class=\"check-cookies-btn\">Check Cookies<\/button>\n        <\/div>\n    <\/div>\n<\/div><\/figure>\n\n<h2 class=\"wp-block-heading\">Schloss Torgelow &#8211; Le Film<\/h2>\n\n<p>Dans notre film sur le Schloss Torgelow, nous souhaitons vous donner un aper\u00e7u de la vie dans un internat priv\u00e9. Profitez de l&rsquo;occasion pour une visite virtuelle au lac de Torgelow. <\/p>\n\n<p>Si vous ne pouvez pas voir le film, veuillez cliquer <a href=\"http:\/\/www.youtube.com\/watch?v=Gh14qn-fvB4\">ici<\/a>.<\/p>\n","protected":false},"excerpt":{"rendered":"<p>Le film de Torgelow<\/p>\n","protected":false},"author":1,"featured_media":65378,"template":"","meta":{"_acf_changed":false},"class_list":["post-82118","videos","type-videos","status-publish","has-post-thumbnail"],"acf":[],"yoast_head":"<!-- This site is optimized with the Yoast SEO plugin v26.9 - https:\/\/yoast.com\/product\/yoast-seo-wordpress\/ -->\n<title>Le film de Torgelow - Schloss Torgelow<\/title>\n<meta name=\"description\" content=\"Schloss Torgelow \u2013 Le film : Aper\u00e7us de la vie \u00e0 l\u2019\u00e9cole priv\u00e9e internat et une visite virtuelle au lac de Torgelow.\" \/>\n<meta name=\"robots\" content=\"index, follow, max-snippet:-1, max-image-preview:large, max-video-preview:-1\" \/>\n<link rel=\"canonical\" href=\"https:\/\/www.schlosstorgelow.de\/fr\/videos\/le-film-de-torgelow\" \/>\n<meta property=\"og:locale\" content=\"fr_FR\" \/>\n<meta property=\"og:type\" content=\"article\" \/>\n<meta property=\"og:title\" content=\"Le film de Torgelow - Schloss Torgelow\" \/>\n<meta property=\"og:description\" content=\"Schloss Torgelow \u2013 Le film : Aper\u00e7us de la vie \u00e0 l\u2019\u00e9cole priv\u00e9e internat et une visite virtuelle au lac de Torgelow.\" \/>\n<meta property=\"og:url\" content=\"https:\/\/www.schlosstorgelow.de\/fr\/videos\/le-film-de-torgelow\" \/>\n<meta property=\"og:site_name\" content=\"Schloss Torgelow\" \/>\n<meta property=\"article:modified_time\" content=\"2026-01-10T17:12:18+00:00\" \/>\n<meta name=\"twitter:card\" content=\"summary_large_image\" \/>\n<script type=\"application\/ld+json\" class=\"yoast-schema-graph\">{\"@context\":\"https:\/\/schema.org\",\"@graph\":[{\"@type\":\"WebPage\",\"@id\":\"https:\/\/www.schlosstorgelow.de\/fr\/videos\/le-film-de-torgelow#webpage\",\"url\":\"https:\/\/www.schlosstorgelow.de\/fr\/videos\/le-film-de-torgelow\",\"name\":\"Le film de Torgelow - Schloss Torgelow\",\"isPartOf\":{\"@id\":\"https:\/\/www.schlosstorgelow.de\/fr#website\"},\"primaryImageOfPage\":{\"@id\":\"https:\/\/www.schlosstorgelow.de\/fr\/videos\/le-film-de-torgelow#primaryimage\"},\"image\":{\"@id\":\"https:\/\/www.schlosstorgelow.de\/fr\/videos\/le-film-de-torgelow#primaryimage\"},\"thumbnailUrl\":\"https:\/\/www.schlosstorgelow.de\/wp-content\/uploads\/2025\/07\/der-torgelow-film-1.avif\",\"datePublished\":\"2014-11-21T12:06:00+00:00\",\"dateModified\":\"2026-01-10T17:12:18+00:00\",\"description\":\"Schloss Torgelow \u2013 Le film : Aper\u00e7us de la vie \u00e0 l\u2019\u00e9cole priv\u00e9e internat et une visite virtuelle au lac de Torgelow.\",\"breadcrumb\":{\"@id\":\"https:\/\/www.schlosstorgelow.de\/fr\/videos\/le-film-de-torgelow#breadcrumb\"},\"inLanguage\":\"fr-FR\",\"potentialAction\":[{\"@type\":\"ReadAction\",\"target\":[\"https:\/\/www.schlosstorgelow.de\/fr\/videos\/le-film-de-torgelow\"]}]},{\"@type\":\"ImageObject\",\"inLanguage\":\"fr-FR\",\"@id\":\"https:\/\/www.schlosstorgelow.de\/fr\/videos\/le-film-de-torgelow#primaryimage\",\"url\":\"https:\/\/www.schlosstorgelow.de\/wp-content\/uploads\/2025\/07\/der-torgelow-film-1.avif\",\"contentUrl\":\"https:\/\/www.schlosstorgelow.de\/wp-content\/uploads\/2025\/07\/der-torgelow-film-1.avif\",\"width\":512,\"height\":288,\"caption\":\"Travail num\u00e9rique avec l'iPad \u00e0 l'\u00e9cole\"},{\"@type\":\"BreadcrumbList\",\"@id\":\"https:\/\/www.schlosstorgelow.de\/fr\/videos\/le-film-de-torgelow#breadcrumb\",\"itemListElement\":[{\"@type\":\"ListItem\",\"position\":1,\"name\":\"Startseite\",\"item\":\"https:\/\/www.schlosstorgelow.de\/fr\"},{\"@type\":\"ListItem\",\"position\":2,\"name\":\"Le film de Torgelow\"}]},{\"@type\":\"WebSite\",\"@id\":\"https:\/\/www.schlosstorgelow.de\/fr#website\",\"url\":\"https:\/\/www.schlosstorgelow.de\/fr\",\"name\":\"Schloss Torgelow\",\"description\":\"Le lyc\u00e9e priv\u00e9 Schloss Torgelow \u2013 l'internat pour les \u00e9l\u00e8ves en qu\u00eate de d\u00e9fis.\",\"potentialAction\":[{\"@type\":\"SearchAction\",\"target\":{\"@type\":\"EntryPoint\",\"urlTemplate\":\"https:\/\/www.schlosstorgelow.de\/fr?s={search_term_string}\"},\"query-input\":{\"@type\":\"PropertyValueSpecification\",\"valueRequired\":true,\"valueName\":\"search_term_string\"}}],\"inLanguage\":\"fr-FR\"}]}<\/script>\n<!-- \/ Yoast SEO plugin. -->","yoast_head_json":{"title":"Le film de Torgelow - Schloss Torgelow","description":"Schloss Torgelow \u2013 Le film : Aper\u00e7us de la vie \u00e0 l\u2019\u00e9cole priv\u00e9e internat et une visite virtuelle au lac de Torgelow.","robots":{"index":"index","follow":"follow","max-snippet":"max-snippet:-1","max-image-preview":"max-image-preview:large","max-video-preview":"max-video-preview:-1"},"canonical":"https:\/\/www.schlosstorgelow.de\/fr\/videos\/le-film-de-torgelow","og_locale":"fr_FR","og_type":"article","og_title":"Le film de Torgelow - Schloss Torgelow","og_description":"Schloss Torgelow \u2013 Le film : Aper\u00e7us de la vie \u00e0 l\u2019\u00e9cole priv\u00e9e internat et une visite virtuelle au lac de Torgelow.","og_url":"https:\/\/www.schlosstorgelow.de\/fr\/videos\/le-film-de-torgelow","og_site_name":"Schloss Torgelow","article_modified_time":"2026-01-10T17:12:18+00:00","twitter_card":"summary_large_image","schema":{"@context":"https:\/\/schema.org","@graph":[{"@type":"WebPage","@id":"https:\/\/www.schlosstorgelow.de\/fr\/videos\/le-film-de-torgelow#webpage","url":"https:\/\/www.schlosstorgelow.de\/fr\/videos\/le-film-de-torgelow","name":"Le film de Torgelow - Schloss Torgelow","isPartOf":{"@id":"https:\/\/www.schlosstorgelow.de\/fr#website"},"primaryImageOfPage":{"@id":"https:\/\/www.schlosstorgelow.de\/fr\/videos\/le-film-de-torgelow#primaryimage"},"image":{"@id":"https:\/\/www.schlosstorgelow.de\/fr\/videos\/le-film-de-torgelow#primaryimage"},"thumbnailUrl":"https:\/\/www.schlosstorgelow.de\/wp-content\/uploads\/2025\/07\/der-torgelow-film-1.avif","datePublished":"2014-11-21T12:06:00+00:00","dateModified":"2026-01-10T17:12:18+00:00","description":"Schloss Torgelow \u2013 Le film : Aper\u00e7us de la vie \u00e0 l\u2019\u00e9cole priv\u00e9e internat et une visite virtuelle au lac de Torgelow.","breadcrumb":{"@id":"https:\/\/www.schlosstorgelow.de\/fr\/videos\/le-film-de-torgelow#breadcrumb"},"inLanguage":"fr-FR","potentialAction":[{"@type":"ReadAction","target":["https:\/\/www.schlosstorgelow.de\/fr\/videos\/le-film-de-torgelow"]}]},{"@type":"ImageObject","inLanguage":"fr-FR","@id":"https:\/\/www.schlosstorgelow.de\/fr\/videos\/le-film-de-torgelow#primaryimage","url":"https:\/\/www.schlosstorgelow.de\/wp-content\/uploads\/2025\/07\/der-torgelow-film-1.avif","contentUrl":"https:\/\/www.schlosstorgelow.de\/wp-content\/uploads\/2025\/07\/der-torgelow-film-1.avif","width":512,"height":288,"caption":"Travail num\u00e9rique avec l'iPad \u00e0 l'\u00e9cole"},{"@type":"BreadcrumbList","@id":"https:\/\/www.schlosstorgelow.de\/fr\/videos\/le-film-de-torgelow#breadcrumb","itemListElement":[{"@type":"ListItem","position":1,"name":"Startseite","item":"https:\/\/www.schlosstorgelow.de\/fr"},{"@type":"ListItem","position":2,"name":"Le film de Torgelow"}]},{"@type":"WebSite","@id":"https:\/\/www.schlosstorgelow.de\/fr#website","url":"https:\/\/www.schlosstorgelow.de\/fr","name":"Schloss Torgelow","description":"Le lyc\u00e9e priv\u00e9 Schloss Torgelow \u2013 l'internat pour les \u00e9l\u00e8ves en qu\u00eate de d\u00e9fis.","potentialAction":[{"@type":"SearchAction","target":{"@type":"EntryPoint","urlTemplate":"https:\/\/www.schlosstorgelow.de\/fr?s={search_term_string}"},"query-input":{"@type":"PropertyValueSpecification","valueRequired":true,"valueName":"search_term_string"}}],"inLanguage":"fr-FR"}]}},"block_visibility_meta":[],"_links":{"self":[{"href":"https:\/\/www.schlosstorgelow.de\/fr\/wp-json\/wp\/v2\/videos\/82118","targetHints":{"allow":["GET"]}}],"collection":[{"href":"https:\/\/www.schlosstorgelow.de\/fr\/wp-json\/wp\/v2\/videos"}],"about":[{"href":"https:\/\/www.schlosstorgelow.de\/fr\/wp-json\/wp\/v2\/types\/videos"}],"author":[{"embeddable":true,"href":"https:\/\/www.schlosstorgelow.de\/fr\/wp-json\/wp\/v2\/users\/1"}],"wp:featuredmedia":[{"embeddable":true,"href":"https:\/\/www.schlosstorgelow.de\/fr\/wp-json\/wp\/v2\/media\/65378"}],"wp:attachment":[{"href":"https:\/\/www.schlosstorgelow.de\/fr\/wp-json\/wp\/v2\/media?parent=82118"}],"curies":[{"name":"wp","href":"https:\/\/api.w.org\/{rel}","templated":true}]}}

<figure class="wp-block-embed is-type-video is-provider-vimeo wp-block-embed-vimeo wp-embed-aspect-16-9 wp-has-aspect-ratio"><div class="wp-block-embed__wrapper">

    <div class="video-facade content-video-facade" data-video-id="154591387" data-provider="vimeo" data-original-iframe="&lt;iframe title=&quot;Film Schloss Torgelow&quot; src=&quot;https://player.vimeo.com/video/154591387?dnt=1&amp;app_id=122963&#038;dnt=1&quot; width=&quot;512&quot; height=&quot;288&quot; frameborder=&quot;0&quot; allow=&quot;autoplay; fullscreen; picture-in-picture; clipboard-write; encrypted-media; web-share&quot; referrerpolicy=&quot;strict-origin-when-cross-origin&quot;&gt;&lt;/iframe&gt;" width="512" height="288">
        <img decoding="async" src="https://i.vimeocdn.com/video/555144626-43ce8ee6cfb7dc53b72eebea0d6b2cf580c7a80c61ec9be232d652e327cce453-d?region=us&#038;mw=1280&#038;mh=720&#038;q=100" alt="Video thumbnail" loading="lazy">
        <button class="video-play-button" aria-label="Play video">
            <svg width="68" height="48" viewBox="0 0 68 48"><path d="M66.52 7.74c-.78-2.93-2.49-5.41-5.42-6.19C55.79.13 34 0 34 0S12.21.13 6.9 1.55c-2.93.78-4.63 3.26-5.42 6.19C.06 13.05 0 24 0 24s.06 10.95 1.48 16.26c.78 2.93 2.49 5.41 5.42 6.19C12.21 47.87 34 48 34 48s21.79-.13 27.1-1.55c2.93-.78 4.64-3.26 5.42-6.19C67.94 34.95 68 24 68 24s-.06-10.95-1.48-16.26z" fill="red"/><path d="M45 24L27 14v20" fill="white"/></svg>
        </button>
        <div class="video-consent-notice" style="display: none;">
            <p class="video-consent-text first-attempt">To watch the video, you need to accept cookies.</p>
            <p class="video-consent-text try-again">Cookies have not been accepted yet. Please accept cookies first and try again.</p>
            <button class="check-cookies-btn">Check Cookies</button>
        </div>
    </div>
</div></figure>

<h2 class="wp-block-heading">Schloss Torgelow &#8211; Le Film</h2>

<p>Dans notre film sur le Schloss Torgelow, nous souhaitons vous donner un aperçu de la vie dans un internat privé. Profitez de l&rsquo;occasion pour une visite virtuelle au lac de Torgelow. </p>

<p>Si vous ne pouvez pas voir le film, veuillez cliquer <a href="http://www.youtube.com/watch?v=Gh14qn-fvB4">ici</a>.</p>

<!-- This site is optimized with the Yoast SEO plugin v26.9 - https://yoast.com/product/yoast-seo-wordpress/ -->
<title>Le film de Torgelow - Schloss Torgelow</title>
<meta name="description" content="Schloss Torgelow – Le film : Aperçus de la vie à l’école privée internat et une visite virtuelle au lac de Torgelow." />
<meta name="robots" content="index, follow, max-snippet:-1, max-image-preview:large, max-video-preview:-1" />
<link rel="canonical" href="https://www.schlosstorgelow.de/fr/videos/le-film-de-torgelow" />
<meta property="og:locale" content="fr_FR" />
<meta property="og:type" content="article" />
<meta property="og:title" content="Le film de Torgelow - Schloss Torgelow" />
<meta property="og:description" content="Schloss Torgelow – Le film : Aperçus de la vie à l’école privée internat et une visite virtuelle au lac de Torgelow." />
<meta property="og:url" content="https://www.schlosstorgelow.de/fr/videos/le-film-de-torgelow" />
<meta property="og:site_name" content="Schloss Torgelow" />
<meta property="article:modified_time" content="2026-01-10T17:12:18+00:00" />
<meta name="twitter:card" content="summary_large_image" />
<script type="application/ld+json" class="yoast-schema-graph">{"@context":"https://schema.org","@graph":[{"@type":"WebPage","@id":"https://www.schlosstorgelow.de/fr/videos/le-film-de-torgelow#webpage","url":"https://www.schlosstorgelow.de/fr/videos/le-film-de-torgelow","name":"Le film de Torgelow - Schloss Torgelow","isPartOf":{"@id":"https://www.schlosstorgelow.de/fr#website"},"primaryImageOfPage":{"@id":"https://www.schlosstorgelow.de/fr/videos/le-film-de-torgelow#primaryimage"},"image":{"@id":"https://www.schlosstorgelow.de/fr/videos/le-film-de-torgelow#primaryimage"},"thumbnailUrl":"https://www.schlosstorgelow.de/wp-content/uploads/2025/07/der-torgelow-film-1.avif","datePublished":"2014-11-21T12:06:00+00:00","dateModified":"2026-01-10T17:12:18+00:00","description":"Schloss Torgelow – Le film : Aperçus de la vie à l’école privée internat et une visite virtuelle au lac de Torgelow.","breadcrumb":{"@id":"https://www.schlosstorgelow.de/fr/videos/le-film-de-torgelow#breadcrumb"},"inLanguage":"fr-FR","potentialAction":[{"@type":"ReadAction","target":["https://www.schlosstorgelow.de/fr/videos/le-film-de-torgelow"]}]},{"@type":"ImageObject","inLanguage":"fr-FR","@id":"https://www.schlosstorgelow.de/fr/videos/le-film-de-torgelow#primaryimage","url":"https://www.schlosstorgelow.de/wp-content/uploads/2025/07/der-torgelow-film-1.avif","contentUrl":"https://www.schlosstorgelow.de/wp-content/uploads/2025/07/der-torgelow-film-1.avif","width":512,"height":288,"caption":"Travail numérique avec l'iPad à l'école"},{"@type":"BreadcrumbList","@id":"https://www.schlosstorgelow.de/fr/videos/le-film-de-torgelow#breadcrumb","itemListElement":[{"@type":"ListItem","position":1,"name":"Startseite","item":"https://www.schlosstorgelow.de/fr"},{"@type":"ListItem","position":2,"name":"Le film de Torgelow"}]},{"@type":"WebSite","@id":"https://www.schlosstorgelow.de/fr#website","url":"https://www.schlosstorgelow.de/fr","name":"Schloss Torgelow","description":"Le lycée privé Schloss Torgelow – l'internat pour les élèves en quête de défis.","potentialAction":[{"@type":"SearchAction","target":{"@type":"EntryPoint","urlTemplate":"https://www.schlosstorgelow.de/fr?s={search_term_string}"},"query-input":{"@type":"PropertyValueSpecification","valueRequired":true,"valueName":"search_term_string"}}],"inLanguage":"fr-FR"}]}</script>
<!-- / Yoast SEO plugin. -->

Schloss Torgelow – Le film : Aperçus de la vie à l’école privée internat et une visite virtuelle au lac de Torgelow.

Travail numérique avec l'iPad à l'école

Le lycée privé Schloss Torgelow – l'internat pour les élèves en quête de défis.
