{"id":82178,"date":"2014-11-21T12:06:00","date_gmt":"2014-11-21T12:06:00","guid":{"rendered":"https:\/\/www.schlosstorgelow.de\/videos\/la-pelicula-de-torgelow"},"modified":"2026-01-11T07:37:16","modified_gmt":"2026-01-11T07:37:16","slug":"la-pelicula-de-torgelow","status":"publish","type":"videos","link":"https:\/\/www.schlosstorgelow.de\/es\/videos\/la-pelicula-de-torgelow","title":{"rendered":"La pel\u00edcula de Torgelow"},"content":{"rendered":"\n<figure class=\"wp-block-embed is-type-video is-provider-vimeo wp-block-embed-vimeo wp-embed-aspect-16-9 wp-has-aspect-ratio\"><div class=\"wp-block-embed__wrapper\">\n\n    <div class=\"video-facade content-video-facade\" data-video-id=\"154591387\" data-provider=\"vimeo\" data-original-iframe=\"&lt;iframe title=&quot;Film Schloss Torgelow&quot; src=&quot;https:\/\/player.vimeo.com\/video\/154591387?dnt=1&amp;app_id=122963&#038;dnt=1&quot; width=&quot;512&quot; height=&quot;288&quot; frameborder=&quot;0&quot; allow=&quot;autoplay; fullscreen; picture-in-picture; clipboard-write; encrypted-media; web-share&quot; referrerpolicy=&quot;strict-origin-when-cross-origin&quot;&gt;&lt;\/iframe&gt;\" width=\"512\" height=\"288\">\n        <img decoding=\"async\" src=\"https:\/\/i.vimeocdn.com\/video\/555144626-43ce8ee6cfb7dc53b72eebea0d6b2cf580c7a80c61ec9be232d652e327cce453-d?region=us&#038;mw=1280&#038;mh=720&#038;q=100\" alt=\"Video thumbnail\" loading=\"lazy\">\n        <button class=\"video-play-button\" aria-label=\"Play video\">\n            <svg width=\"68\" height=\"48\" viewBox=\"0 0 68 48\"><path d=\"M66.52 7.74c-.78-2.93-2.49-5.41-5.42-6.19C55.79.13 34 0 34 0S12.21.13 6.9 1.55c-2.93.78-4.63 3.26-5.42 6.19C.06 13.05 0 24 0 24s.06 10.95 1.48 16.26c.78 2.93 2.49 5.41 5.42 6.19C12.21 47.87 34 48 34 48s21.79-.13 27.1-1.55c2.93-.78 4.64-3.26 5.42-6.19C67.94 34.95 68 24 68 24s-.06-10.95-1.48-16.26z\" fill=\"red\"\/><path d=\"M45 24L27 14v20\" fill=\"white\"\/><\/svg>\n        <\/button>\n        <div class=\"video-consent-notice\" style=\"display: none;\">\n            <p class=\"video-consent-text first-attempt\">To watch the video, you need to accept cookies.<\/p>\n            <p class=\"video-consent-text try-again\">Cookies have not been accepted yet. Please accept cookies first and try again.<\/p>\n            <button class=\"check-cookies-btn\">Check Cookies<\/button>\n        <\/div>\n    <\/div>\n<\/div><\/figure>\n\n<h2 class=\"wp-block-heading\">La pel\u00edcula de Schloss Torgelow<\/h2>\n\n<p>En nuestra pel\u00edcula sobre el Schloss Torgelow queremos darle una peque\u00f1a idea de c\u00f3mo es la vida en este internado privado. Aproveche la oportunidad de realizar una visita virtual al lago Torgelower See. <\/p>\n\n<p>Si no puede ver la pel\u00edcula, haga clic <a href=\"http:\/\/www.youtube.com\/watch?v=Gh14qn-fvB4\">aqu\u00ed<\/a>.<\/p>\n","protected":false},"excerpt":{"rendered":"<p>La pel\u00edcula de Torgelow<\/p>\n","protected":false},"author":1,"featured_media":65380,"template":"","meta":{"_acf_changed":false},"class_list":["post-82178","videos","type-videos","status-publish","has-post-thumbnail"],"acf":[],"yoast_head":"<!-- This site is optimized with the Yoast SEO plugin v26.9 - https:\/\/yoast.com\/product\/yoast-seo-wordpress\/ -->\n<title>La pel\u00edcula de Torgelow - Schloss Torgelow<\/title>\n<meta name=\"description\" content=\"Schloss Torgelow: la pel\u00edcula. Una mirada a la vida en este internado privado y una visita virtual al lago Torgelow.\" \/>\n<meta name=\"robots\" content=\"index, follow, max-snippet:-1, max-image-preview:large, max-video-preview:-1\" \/>\n<link rel=\"canonical\" href=\"https:\/\/www.schlosstorgelow.de\/es\/videos\/la-pelicula-de-torgelow\" \/>\n<meta property=\"og:locale\" content=\"es_ES\" \/>\n<meta property=\"og:type\" content=\"article\" \/>\n<meta property=\"og:title\" content=\"La pel\u00edcula de Torgelow - Schloss Torgelow\" \/>\n<meta property=\"og:description\" content=\"Schloss Torgelow: la pel\u00edcula. Una mirada a la vida en este internado privado y una visita virtual al lago Torgelow.\" \/>\n<meta property=\"og:url\" content=\"https:\/\/www.schlosstorgelow.de\/es\/videos\/la-pelicula-de-torgelow\" \/>\n<meta property=\"og:site_name\" content=\"Schloss Torgelow\" \/>\n<meta property=\"article:modified_time\" content=\"2026-01-11T07:37:16+00:00\" \/>\n<meta name=\"twitter:card\" content=\"summary_large_image\" \/>\n<script type=\"application\/ld+json\" class=\"yoast-schema-graph\">{\"@context\":\"https:\/\/schema.org\",\"@graph\":[{\"@type\":\"WebPage\",\"@id\":\"https:\/\/www.schlosstorgelow.de\/es\/videos\/la-pelicula-de-torgelow#webpage\",\"url\":\"https:\/\/www.schlosstorgelow.de\/es\/videos\/la-pelicula-de-torgelow\",\"name\":\"La pel\u00edcula de Torgelow - Schloss Torgelow\",\"isPartOf\":{\"@id\":\"https:\/\/www.schlosstorgelow.de\/es#website\"},\"primaryImageOfPage\":{\"@id\":\"https:\/\/www.schlosstorgelow.de\/es\/videos\/la-pelicula-de-torgelow#primaryimage\"},\"image\":{\"@id\":\"https:\/\/www.schlosstorgelow.de\/es\/videos\/la-pelicula-de-torgelow#primaryimage\"},\"thumbnailUrl\":\"https:\/\/www.schlosstorgelow.de\/wp-content\/uploads\/2025\/07\/der-torgelow-film-1.avif\",\"datePublished\":\"2014-11-21T12:06:00+00:00\",\"dateModified\":\"2026-01-11T07:37:16+00:00\",\"description\":\"Schloss Torgelow: la pel\u00edcula. Una mirada a la vida en este internado privado y una visita virtual al lago Torgelow.\",\"breadcrumb\":{\"@id\":\"https:\/\/www.schlosstorgelow.de\/es\/videos\/la-pelicula-de-torgelow#breadcrumb\"},\"inLanguage\":\"es\",\"potentialAction\":[{\"@type\":\"ReadAction\",\"target\":[\"https:\/\/www.schlosstorgelow.de\/es\/videos\/la-pelicula-de-torgelow\"]}]},{\"@type\":\"ImageObject\",\"inLanguage\":\"es\",\"@id\":\"https:\/\/www.schlosstorgelow.de\/es\/videos\/la-pelicula-de-torgelow#primaryimage\",\"url\":\"https:\/\/www.schlosstorgelow.de\/wp-content\/uploads\/2025\/07\/der-torgelow-film-1.avif\",\"contentUrl\":\"https:\/\/www.schlosstorgelow.de\/wp-content\/uploads\/2025\/07\/der-torgelow-film-1.avif\",\"width\":512,\"height\":288,\"caption\":\"Trabajando digitalmente con el iPad en la escuela\"},{\"@type\":\"BreadcrumbList\",\"@id\":\"https:\/\/www.schlosstorgelow.de\/es\/videos\/la-pelicula-de-torgelow#breadcrumb\",\"itemListElement\":[{\"@type\":\"ListItem\",\"position\":1,\"name\":\"Startseite\",\"item\":\"https:\/\/www.schlosstorgelow.de\/es\"},{\"@type\":\"ListItem\",\"position\":2,\"name\":\"La pel\u00edcula de Torgelow\"}]},{\"@type\":\"WebSite\",\"@id\":\"https:\/\/www.schlosstorgelow.de\/es#website\",\"url\":\"https:\/\/www.schlosstorgelow.de\/es\",\"name\":\"Schloss Torgelow\",\"description\":\"El internado privado Schloss Torgelow: el internado para alumnos que buscan un reto.\",\"potentialAction\":[{\"@type\":\"SearchAction\",\"target\":{\"@type\":\"EntryPoint\",\"urlTemplate\":\"https:\/\/www.schlosstorgelow.de\/es?s={search_term_string}\"},\"query-input\":{\"@type\":\"PropertyValueSpecification\",\"valueRequired\":true,\"valueName\":\"search_term_string\"}}],\"inLanguage\":\"es\"}]}<\/script>\n<!-- \/ Yoast SEO plugin. -->","yoast_head_json":{"title":"La pel\u00edcula de Torgelow - Schloss Torgelow","description":"Schloss Torgelow: la pel\u00edcula. Una mirada a la vida en este internado privado y una visita virtual al lago Torgelow.","robots":{"index":"index","follow":"follow","max-snippet":"max-snippet:-1","max-image-preview":"max-image-preview:large","max-video-preview":"max-video-preview:-1"},"canonical":"https:\/\/www.schlosstorgelow.de\/es\/videos\/la-pelicula-de-torgelow","og_locale":"es_ES","og_type":"article","og_title":"La pel\u00edcula de Torgelow - Schloss Torgelow","og_description":"Schloss Torgelow: la pel\u00edcula. Una mirada a la vida en este internado privado y una visita virtual al lago Torgelow.","og_url":"https:\/\/www.schlosstorgelow.de\/es\/videos\/la-pelicula-de-torgelow","og_site_name":"Schloss Torgelow","article_modified_time":"2026-01-11T07:37:16+00:00","twitter_card":"summary_large_image","schema":{"@context":"https:\/\/schema.org","@graph":[{"@type":"WebPage","@id":"https:\/\/www.schlosstorgelow.de\/es\/videos\/la-pelicula-de-torgelow#webpage","url":"https:\/\/www.schlosstorgelow.de\/es\/videos\/la-pelicula-de-torgelow","name":"La pel\u00edcula de Torgelow - Schloss Torgelow","isPartOf":{"@id":"https:\/\/www.schlosstorgelow.de\/es#website"},"primaryImageOfPage":{"@id":"https:\/\/www.schlosstorgelow.de\/es\/videos\/la-pelicula-de-torgelow#primaryimage"},"image":{"@id":"https:\/\/www.schlosstorgelow.de\/es\/videos\/la-pelicula-de-torgelow#primaryimage"},"thumbnailUrl":"https:\/\/www.schlosstorgelow.de\/wp-content\/uploads\/2025\/07\/der-torgelow-film-1.avif","datePublished":"2014-11-21T12:06:00+00:00","dateModified":"2026-01-11T07:37:16+00:00","description":"Schloss Torgelow: la pel\u00edcula. Una mirada a la vida en este internado privado y una visita virtual al lago Torgelow.","breadcrumb":{"@id":"https:\/\/www.schlosstorgelow.de\/es\/videos\/la-pelicula-de-torgelow#breadcrumb"},"inLanguage":"es","potentialAction":[{"@type":"ReadAction","target":["https:\/\/www.schlosstorgelow.de\/es\/videos\/la-pelicula-de-torgelow"]}]},{"@type":"ImageObject","inLanguage":"es","@id":"https:\/\/www.schlosstorgelow.de\/es\/videos\/la-pelicula-de-torgelow#primaryimage","url":"https:\/\/www.schlosstorgelow.de\/wp-content\/uploads\/2025\/07\/der-torgelow-film-1.avif","contentUrl":"https:\/\/www.schlosstorgelow.de\/wp-content\/uploads\/2025\/07\/der-torgelow-film-1.avif","width":512,"height":288,"caption":"Trabajando digitalmente con el iPad en la escuela"},{"@type":"BreadcrumbList","@id":"https:\/\/www.schlosstorgelow.de\/es\/videos\/la-pelicula-de-torgelow#breadcrumb","itemListElement":[{"@type":"ListItem","position":1,"name":"Startseite","item":"https:\/\/www.schlosstorgelow.de\/es"},{"@type":"ListItem","position":2,"name":"La pel\u00edcula de Torgelow"}]},{"@type":"WebSite","@id":"https:\/\/www.schlosstorgelow.de\/es#website","url":"https:\/\/www.schlosstorgelow.de\/es","name":"Schloss Torgelow","description":"El internado privado Schloss Torgelow: el internado para alumnos que buscan un reto.","potentialAction":[{"@type":"SearchAction","target":{"@type":"EntryPoint","urlTemplate":"https:\/\/www.schlosstorgelow.de\/es?s={search_term_string}"},"query-input":{"@type":"PropertyValueSpecification","valueRequired":true,"valueName":"search_term_string"}}],"inLanguage":"es"}]}},"block_visibility_meta":[],"_links":{"self":[{"href":"https:\/\/www.schlosstorgelow.de\/es\/wp-json\/wp\/v2\/videos\/82178","targetHints":{"allow":["GET"]}}],"collection":[{"href":"https:\/\/www.schlosstorgelow.de\/es\/wp-json\/wp\/v2\/videos"}],"about":[{"href":"https:\/\/www.schlosstorgelow.de\/es\/wp-json\/wp\/v2\/types\/videos"}],"author":[{"embeddable":true,"href":"https:\/\/www.schlosstorgelow.de\/es\/wp-json\/wp\/v2\/users\/1"}],"wp:featuredmedia":[{"embeddable":true,"href":"https:\/\/www.schlosstorgelow.de\/es\/wp-json\/wp\/v2\/media\/65380"}],"wp:attachment":[{"href":"https:\/\/www.schlosstorgelow.de\/es\/wp-json\/wp\/v2\/media?parent=82178"}],"curies":[{"name":"wp","href":"https:\/\/api.w.org\/{rel}","templated":true}]}}

La película de Torgelow

<figure class="wp-block-embed is-type-video is-provider-vimeo wp-block-embed-vimeo wp-embed-aspect-16-9 wp-has-aspect-ratio"><div class="wp-block-embed__wrapper">

    <div class="video-facade content-video-facade" data-video-id="154591387" data-provider="vimeo" data-original-iframe="&lt;iframe title=&quot;Film Schloss Torgelow&quot; src=&quot;https://player.vimeo.com/video/154591387?dnt=1&amp;app_id=122963&#038;dnt=1&quot; width=&quot;512&quot; height=&quot;288&quot; frameborder=&quot;0&quot; allow=&quot;autoplay; fullscreen; picture-in-picture; clipboard-write; encrypted-media; web-share&quot; referrerpolicy=&quot;strict-origin-when-cross-origin&quot;&gt;&lt;/iframe&gt;" width="512" height="288">
        <img decoding="async" src="https://i.vimeocdn.com/video/555144626-43ce8ee6cfb7dc53b72eebea0d6b2cf580c7a80c61ec9be232d652e327cce453-d?region=us&#038;mw=1280&#038;mh=720&#038;q=100" alt="Video thumbnail" loading="lazy">
        <button class="video-play-button" aria-label="Play video">
            <svg width="68" height="48" viewBox="0 0 68 48"><path d="M66.52 7.74c-.78-2.93-2.49-5.41-5.42-6.19C55.79.13 34 0 34 0S12.21.13 6.9 1.55c-2.93.78-4.63 3.26-5.42 6.19C.06 13.05 0 24 0 24s.06 10.95 1.48 16.26c.78 2.93 2.49 5.41 5.42 6.19C12.21 47.87 34 48 34 48s21.79-.13 27.1-1.55c2.93-.78 4.64-3.26 5.42-6.19C67.94 34.95 68 24 68 24s-.06-10.95-1.48-16.26z" fill="red"/><path d="M45 24L27 14v20" fill="white"/></svg>
        </button>
        <div class="video-consent-notice" style="display: none;">
            <p class="video-consent-text first-attempt">To watch the video, you need to accept cookies.</p>
            <p class="video-consent-text try-again">Cookies have not been accepted yet. Please accept cookies first and try again.</p>
            <button class="check-cookies-btn">Check Cookies</button>
        </div>
    </div>
</div></figure>

<h2 class="wp-block-heading">La película de Schloss Torgelow</h2>

<p>En nuestra película sobre el Schloss Torgelow queremos darle una pequeña idea de cómo es la vida en este internado privado. Aproveche la oportunidad de realizar una visita virtual al lago Torgelower See. </p>

<p>Si no puede ver la película, haga clic <a href="http://www.youtube.com/watch?v=Gh14qn-fvB4">aquí</a>.</p>

<p>La película de Torgelow</p>

<!-- This site is optimized with the Yoast SEO plugin v26.9 - https://yoast.com/product/yoast-seo-wordpress/ -->
<title>La película de Torgelow - Schloss Torgelow</title>
<meta name="description" content="Schloss Torgelow: la película. Una mirada a la vida en este internado privado y una visita virtual al lago Torgelow." />
<meta name="robots" content="index, follow, max-snippet:-1, max-image-preview:large, max-video-preview:-1" />
<link rel="canonical" href="https://www.schlosstorgelow.de/es/videos/la-pelicula-de-torgelow" />
<meta property="og:locale" content="es_ES" />
<meta property="og:type" content="article" />
<meta property="og:title" content="La película de Torgelow - Schloss Torgelow" />
<meta property="og:description" content="Schloss Torgelow: la película. Una mirada a la vida en este internado privado y una visita virtual al lago Torgelow." />
<meta property="og:url" content="https://www.schlosstorgelow.de/es/videos/la-pelicula-de-torgelow" />
<meta property="og:site_name" content="Schloss Torgelow" />
<meta property="article:modified_time" content="2026-01-11T07:37:16+00:00" />
<meta name="twitter:card" content="summary_large_image" />
<script type="application/ld+json" class="yoast-schema-graph">{"@context":"https://schema.org","@graph":[{"@type":"WebPage","@id":"https://www.schlosstorgelow.de/es/videos/la-pelicula-de-torgelow#webpage","url":"https://www.schlosstorgelow.de/es/videos/la-pelicula-de-torgelow","name":"La película de Torgelow - Schloss Torgelow","isPartOf":{"@id":"https://www.schlosstorgelow.de/es#website"},"primaryImageOfPage":{"@id":"https://www.schlosstorgelow.de/es/videos/la-pelicula-de-torgelow#primaryimage"},"image":{"@id":"https://www.schlosstorgelow.de/es/videos/la-pelicula-de-torgelow#primaryimage"},"thumbnailUrl":"https://www.schlosstorgelow.de/wp-content/uploads/2025/07/der-torgelow-film-1.avif","datePublished":"2014-11-21T12:06:00+00:00","dateModified":"2026-01-11T07:37:16+00:00","description":"Schloss Torgelow: la película. Una mirada a la vida en este internado privado y una visita virtual al lago Torgelow.","breadcrumb":{"@id":"https://www.schlosstorgelow.de/es/videos/la-pelicula-de-torgelow#breadcrumb"},"inLanguage":"es","potentialAction":[{"@type":"ReadAction","target":["https://www.schlosstorgelow.de/es/videos/la-pelicula-de-torgelow"]}]},{"@type":"ImageObject","inLanguage":"es","@id":"https://www.schlosstorgelow.de/es/videos/la-pelicula-de-torgelow#primaryimage","url":"https://www.schlosstorgelow.de/wp-content/uploads/2025/07/der-torgelow-film-1.avif","contentUrl":"https://www.schlosstorgelow.de/wp-content/uploads/2025/07/der-torgelow-film-1.avif","width":512,"height":288,"caption":"Trabajando digitalmente con el iPad en la escuela"},{"@type":"BreadcrumbList","@id":"https://www.schlosstorgelow.de/es/videos/la-pelicula-de-torgelow#breadcrumb","itemListElement":[{"@type":"ListItem","position":1,"name":"Startseite","item":"https://www.schlosstorgelow.de/es"},{"@type":"ListItem","position":2,"name":"La película de Torgelow"}]},{"@type":"WebSite","@id":"https://www.schlosstorgelow.de/es#website","url":"https://www.schlosstorgelow.de/es","name":"Schloss Torgelow","description":"El internado privado Schloss Torgelow: el internado para alumnos que buscan un reto.","potentialAction":[{"@type":"SearchAction","target":{"@type":"EntryPoint","urlTemplate":"https://www.schlosstorgelow.de/es?s={search_term_string}"},"query-input":{"@type":"PropertyValueSpecification","valueRequired":true,"valueName":"search_term_string"}}],"inLanguage":"es"}]}</script>
<!-- / Yoast SEO plugin. -->

La película de Torgelow - Schloss Torgelow

Schloss Torgelow: la película. Una mirada a la vida en este internado privado y una visita virtual al lago Torgelow.
