{"id":82146,"date":"2020-08-17T08:21:58","date_gmt":"2020-08-17T08:21:58","guid":{"rendered":"https:\/\/www.schlosstorgelow.de\/videos\/internado-schloss-torgelow-bachillerato-2020-la-pelicula"},"modified":"2026-01-11T07:07:27","modified_gmt":"2026-01-11T07:07:27","slug":"internado-schloss-torgelow-bachillerato-2020-la-pelicula","status":"publish","type":"videos","link":"https:\/\/www.schlosstorgelow.de\/es\/videos\/internado-schloss-torgelow-bachillerato-2020-la-pelicula","title":{"rendered":"Internado Schloss Torgelow: Bachillerato 2020 &#8211; La Pel\u00edcula"},"content":{"rendered":"\n<figure class=\"wp-block-embed is-type-video is-provider-vimeo wp-block-embed-vimeo wp-embed-aspect-16-9 wp-has-aspect-ratio\"><div class=\"wp-block-embed__wrapper\">\n\n    <div class=\"video-facade content-video-facade\" data-video-id=\"447783136\" data-provider=\"vimeo\" data-original-iframe=\"&lt;iframe title=&quot;Internat Schloss Torgelow - Abi 2020&quot; src=&quot;https:\/\/player.vimeo.com\/video\/447783136?dnt=1&amp;app_id=122963&#038;dnt=1&quot; width=&quot;640&quot; height=&quot;360&quot; frameborder=&quot;0&quot; allow=&quot;autoplay; fullscreen; picture-in-picture; clipboard-write; encrypted-media; web-share&quot; referrerpolicy=&quot;strict-origin-when-cross-origin&quot;&gt;&lt;\/iframe&gt;\" width=\"640\" height=\"360\">\n        <img decoding=\"async\" src=\"https:\/\/i.vimeocdn.com\/video\/941423585-bb14d63c3e435d4cdca031377118e83acb56ee9efac6492990ffbe8fb46eb7fd-d?region=us&#038;mw=1280&#038;mh=720&#038;q=100\" alt=\"Video thumbnail\" loading=\"lazy\">\n        <button class=\"video-play-button\" aria-label=\"Play video\">\n            <svg width=\"68\" height=\"48\" viewBox=\"0 0 68 48\"><path d=\"M66.52 7.74c-.78-2.93-2.49-5.41-5.42-6.19C55.79.13 34 0 34 0S12.21.13 6.9 1.55c-2.93.78-4.63 3.26-5.42 6.19C.06 13.05 0 24 0 24s.06 10.95 1.48 16.26c.78 2.93 2.49 5.41 5.42 6.19C12.21 47.87 34 48 34 48s21.79-.13 27.1-1.55c2.93-.78 4.64-3.26 5.42-6.19C67.94 34.95 68 24 68 24s-.06-10.95-1.48-16.26z\" fill=\"red\"\/><path d=\"M45 24L27 14v20\" fill=\"white\"\/><\/svg>\n        <\/button>\n        <div class=\"video-consent-notice\" style=\"display: none;\">\n            <p class=\"video-consent-text first-attempt\">To watch the video, you need to accept cookies.<\/p>\n            <p class=\"video-consent-text try-again\">Cookies have not been accepted yet. Please accept cookies first and try again.<\/p>\n            <button class=\"check-cookies-btn\">Check Cookies<\/button>\n        <\/div>\n    <\/div>\n<\/div><\/figure>\n\n<p>Las 29 graduadas y 16 graduados del internado Schloss Torgelow desean que en relaci\u00f3n con su promoci\u00f3n 2020 no solo se recuerde la pandemia de Corona. Lo han logrado con un destacado promedio de 1,8 y siete veces el promedio so\u00f1ado de 1,0. Disfruten de la pel\u00edcula de graduaci\u00f3n de este a\u00f1o.  <\/p>\n","protected":false},"excerpt":{"rendered":"<p>Internado Schloss Torgelow: Bachillerato 2020 &#8211; La Pel\u00edcula<\/p>\n","protected":false},"author":1,"featured_media":65190,"template":"","meta":{"_acf_changed":false},"class_list":["post-82146","videos","type-videos","status-publish","has-post-thumbnail"],"acf":[],"yoast_head":"<!-- This site is optimized with the Yoast SEO plugin v26.9 - https:\/\/yoast.com\/product\/yoast-seo-wordpress\/ -->\n<title>Internado Schloss Torgelow: Bachillerato 2020 - La Pel\u00edcula<\/title>\n<meta name=\"description\" content=\"Abitur 2020 \u2013 La pel\u00edcula: Un a\u00f1o especial con un fuerte sentido de uni\u00f3n, una destacada nota promedio de 1,8 y siete veces la nota so\u00f1ada de 1,0.\" \/>\n<meta name=\"robots\" content=\"index, follow, max-snippet:-1, max-image-preview:large, max-video-preview:-1\" \/>\n<link rel=\"canonical\" href=\"https:\/\/www.schlosstorgelow.de\/es\/videos\/internado-schloss-torgelow-bachillerato-2020-la-pelicula\" \/>\n<meta property=\"og:locale\" content=\"es_ES\" \/>\n<meta property=\"og:type\" content=\"article\" \/>\n<meta property=\"og:title\" content=\"Internado Schloss Torgelow: Bachillerato 2020 - La Pel\u00edcula\" \/>\n<meta property=\"og:description\" content=\"Abitur 2020 \u2013 La pel\u00edcula: Un a\u00f1o especial con un fuerte sentido de uni\u00f3n, una destacada nota promedio de 1,8 y siete veces la nota so\u00f1ada de 1,0.\" \/>\n<meta property=\"og:url\" content=\"https:\/\/www.schlosstorgelow.de\/es\/videos\/internado-schloss-torgelow-bachillerato-2020-la-pelicula\" \/>\n<meta property=\"og:site_name\" content=\"Schloss Torgelow\" \/>\n<meta property=\"article:modified_time\" content=\"2026-01-11T07:07:27+00:00\" \/>\n<meta name=\"twitter:card\" content=\"summary_large_image\" \/>\n<script type=\"application\/ld+json\" class=\"yoast-schema-graph\">{\"@context\":\"https:\/\/schema.org\",\"@graph\":[{\"@type\":\"WebPage\",\"@id\":\"https:\/\/www.schlosstorgelow.de\/es\/videos\/internado-schloss-torgelow-bachillerato-2020-la-pelicula#webpage\",\"url\":\"https:\/\/www.schlosstorgelow.de\/es\/videos\/internado-schloss-torgelow-bachillerato-2020-la-pelicula\",\"name\":\"Internado Schloss Torgelow: Bachillerato 2020 - La Pel\u00edcula\",\"isPartOf\":{\"@id\":\"https:\/\/www.schlosstorgelow.de\/es#website\"},\"primaryImageOfPage\":{\"@id\":\"https:\/\/www.schlosstorgelow.de\/es\/videos\/internado-schloss-torgelow-bachillerato-2020-la-pelicula#primaryimage\"},\"image\":{\"@id\":\"https:\/\/www.schlosstorgelow.de\/es\/videos\/internado-schloss-torgelow-bachillerato-2020-la-pelicula#primaryimage\"},\"thumbnailUrl\":\"https:\/\/www.schlosstorgelow.de\/wp-content\/uploads\/2025\/07\/internat-schloss-torgelow-abitur-2020-der-film-1.avif\",\"datePublished\":\"2020-08-17T08:21:58+00:00\",\"dateModified\":\"2026-01-11T07:07:27+00:00\",\"description\":\"Abitur 2020 \u2013 La pel\u00edcula: Un a\u00f1o especial con un fuerte sentido de uni\u00f3n, una destacada nota promedio de 1,8 y siete veces la nota so\u00f1ada de 1,0.\",\"breadcrumb\":{\"@id\":\"https:\/\/www.schlosstorgelow.de\/es\/videos\/internado-schloss-torgelow-bachillerato-2020-la-pelicula#breadcrumb\"},\"inLanguage\":\"es\",\"potentialAction\":[{\"@type\":\"ReadAction\",\"target\":[\"https:\/\/www.schlosstorgelow.de\/es\/videos\/internado-schloss-torgelow-bachillerato-2020-la-pelicula\"]}]},{\"@type\":\"ImageObject\",\"inLanguage\":\"es\",\"@id\":\"https:\/\/www.schlosstorgelow.de\/es\/videos\/internado-schloss-torgelow-bachillerato-2020-la-pelicula#primaryimage\",\"url\":\"https:\/\/www.schlosstorgelow.de\/wp-content\/uploads\/2025\/07\/internat-schloss-torgelow-abitur-2020-der-film-1.avif\",\"contentUrl\":\"https:\/\/www.schlosstorgelow.de\/wp-content\/uploads\/2025\/07\/internat-schloss-torgelow-abitur-2020-der-film-1.avif\",\"width\":1920,\"height\":1080,\"caption\":\"Internado Schloss Torgelow: Abitur 2020 - La pel\u00edcula\"},{\"@type\":\"BreadcrumbList\",\"@id\":\"https:\/\/www.schlosstorgelow.de\/es\/videos\/internado-schloss-torgelow-bachillerato-2020-la-pelicula#breadcrumb\",\"itemListElement\":[{\"@type\":\"ListItem\",\"position\":1,\"name\":\"Startseite\",\"item\":\"https:\/\/www.schlosstorgelow.de\/es\"},{\"@type\":\"ListItem\",\"position\":2,\"name\":\"Internado Schloss Torgelow: Bachillerato 2020 &#8211; La Pel\u00edcula\"}]},{\"@type\":\"WebSite\",\"@id\":\"https:\/\/www.schlosstorgelow.de\/es#website\",\"url\":\"https:\/\/www.schlosstorgelow.de\/es\",\"name\":\"Schloss Torgelow\",\"description\":\"El internado privado Schloss Torgelow: el internado para alumnos que buscan un reto.\",\"potentialAction\":[{\"@type\":\"SearchAction\",\"target\":{\"@type\":\"EntryPoint\",\"urlTemplate\":\"https:\/\/www.schlosstorgelow.de\/es?s={search_term_string}\"},\"query-input\":{\"@type\":\"PropertyValueSpecification\",\"valueRequired\":true,\"valueName\":\"search_term_string\"}}],\"inLanguage\":\"es\"}]}<\/script>\n<!-- \/ Yoast SEO plugin. -->","yoast_head_json":{"title":"Internado Schloss Torgelow: Bachillerato 2020 - La Pel\u00edcula","description":"Abitur 2020 \u2013 La pel\u00edcula: Un a\u00f1o especial con un fuerte sentido de uni\u00f3n, una destacada nota promedio de 1,8 y siete veces la nota so\u00f1ada de 1,0.","robots":{"index":"index","follow":"follow","max-snippet":"max-snippet:-1","max-image-preview":"max-image-preview:large","max-video-preview":"max-video-preview:-1"},"canonical":"https:\/\/www.schlosstorgelow.de\/es\/videos\/internado-schloss-torgelow-bachillerato-2020-la-pelicula","og_locale":"es_ES","og_type":"article","og_title":"Internado Schloss Torgelow: Bachillerato 2020 - La Pel\u00edcula","og_description":"Abitur 2020 \u2013 La pel\u00edcula: Un a\u00f1o especial con un fuerte sentido de uni\u00f3n, una destacada nota promedio de 1,8 y siete veces la nota so\u00f1ada de 1,0.","og_url":"https:\/\/www.schlosstorgelow.de\/es\/videos\/internado-schloss-torgelow-bachillerato-2020-la-pelicula","og_site_name":"Schloss Torgelow","article_modified_time":"2026-01-11T07:07:27+00:00","twitter_card":"summary_large_image","schema":{"@context":"https:\/\/schema.org","@graph":[{"@type":"WebPage","@id":"https:\/\/www.schlosstorgelow.de\/es\/videos\/internado-schloss-torgelow-bachillerato-2020-la-pelicula#webpage","url":"https:\/\/www.schlosstorgelow.de\/es\/videos\/internado-schloss-torgelow-bachillerato-2020-la-pelicula","name":"Internado Schloss Torgelow: Bachillerato 2020 - La Pel\u00edcula","isPartOf":{"@id":"https:\/\/www.schlosstorgelow.de\/es#website"},"primaryImageOfPage":{"@id":"https:\/\/www.schlosstorgelow.de\/es\/videos\/internado-schloss-torgelow-bachillerato-2020-la-pelicula#primaryimage"},"image":{"@id":"https:\/\/www.schlosstorgelow.de\/es\/videos\/internado-schloss-torgelow-bachillerato-2020-la-pelicula#primaryimage"},"thumbnailUrl":"https:\/\/www.schlosstorgelow.de\/wp-content\/uploads\/2025\/07\/internat-schloss-torgelow-abitur-2020-der-film-1.avif","datePublished":"2020-08-17T08:21:58+00:00","dateModified":"2026-01-11T07:07:27+00:00","description":"Abitur 2020 \u2013 La pel\u00edcula: Un a\u00f1o especial con un fuerte sentido de uni\u00f3n, una destacada nota promedio de 1,8 y siete veces la nota so\u00f1ada de 1,0.","breadcrumb":{"@id":"https:\/\/www.schlosstorgelow.de\/es\/videos\/internado-schloss-torgelow-bachillerato-2020-la-pelicula#breadcrumb"},"inLanguage":"es","potentialAction":[{"@type":"ReadAction","target":["https:\/\/www.schlosstorgelow.de\/es\/videos\/internado-schloss-torgelow-bachillerato-2020-la-pelicula"]}]},{"@type":"ImageObject","inLanguage":"es","@id":"https:\/\/www.schlosstorgelow.de\/es\/videos\/internado-schloss-torgelow-bachillerato-2020-la-pelicula#primaryimage","url":"https:\/\/www.schlosstorgelow.de\/wp-content\/uploads\/2025\/07\/internat-schloss-torgelow-abitur-2020-der-film-1.avif","contentUrl":"https:\/\/www.schlosstorgelow.de\/wp-content\/uploads\/2025\/07\/internat-schloss-torgelow-abitur-2020-der-film-1.avif","width":1920,"height":1080,"caption":"Internado Schloss Torgelow: Abitur 2020 - La pel\u00edcula"},{"@type":"BreadcrumbList","@id":"https:\/\/www.schlosstorgelow.de\/es\/videos\/internado-schloss-torgelow-bachillerato-2020-la-pelicula#breadcrumb","itemListElement":[{"@type":"ListItem","position":1,"name":"Startseite","item":"https:\/\/www.schlosstorgelow.de\/es"},{"@type":"ListItem","position":2,"name":"Internado Schloss Torgelow: Bachillerato 2020 &#8211; La Pel\u00edcula"}]},{"@type":"WebSite","@id":"https:\/\/www.schlosstorgelow.de\/es#website","url":"https:\/\/www.schlosstorgelow.de\/es","name":"Schloss Torgelow","description":"El internado privado Schloss Torgelow: el internado para alumnos que buscan un reto.","potentialAction":[{"@type":"SearchAction","target":{"@type":"EntryPoint","urlTemplate":"https:\/\/www.schlosstorgelow.de\/es?s={search_term_string}"},"query-input":{"@type":"PropertyValueSpecification","valueRequired":true,"valueName":"search_term_string"}}],"inLanguage":"es"}]}},"block_visibility_meta":[],"_links":{"self":[{"href":"https:\/\/www.schlosstorgelow.de\/es\/wp-json\/wp\/v2\/videos\/82146","targetHints":{"allow":["GET"]}}],"collection":[{"href":"https:\/\/www.schlosstorgelow.de\/es\/wp-json\/wp\/v2\/videos"}],"about":[{"href":"https:\/\/www.schlosstorgelow.de\/es\/wp-json\/wp\/v2\/types\/videos"}],"author":[{"embeddable":true,"href":"https:\/\/www.schlosstorgelow.de\/es\/wp-json\/wp\/v2\/users\/1"}],"wp:featuredmedia":[{"embeddable":true,"href":"https:\/\/www.schlosstorgelow.de\/es\/wp-json\/wp\/v2\/media\/65190"}],"wp:attachment":[{"href":"https:\/\/www.schlosstorgelow.de\/es\/wp-json\/wp\/v2\/media?parent=82146"}],"curies":[{"name":"wp","href":"https:\/\/api.w.org\/{rel}","templated":true}]}}

Internado Schloss Torgelow: Bachillerato 2020 &#8211; La Película

<figure class="wp-block-embed is-type-video is-provider-vimeo wp-block-embed-vimeo wp-embed-aspect-16-9 wp-has-aspect-ratio"><div class="wp-block-embed__wrapper">

    <div class="video-facade content-video-facade" data-video-id="447783136" data-provider="vimeo" data-original-iframe="&lt;iframe title=&quot;Internat Schloss Torgelow - Abi 2020&quot; src=&quot;https://player.vimeo.com/video/447783136?dnt=1&amp;app_id=122963&#038;dnt=1&quot; width=&quot;640&quot; height=&quot;360&quot; frameborder=&quot;0&quot; allow=&quot;autoplay; fullscreen; picture-in-picture; clipboard-write; encrypted-media; web-share&quot; referrerpolicy=&quot;strict-origin-when-cross-origin&quot;&gt;&lt;/iframe&gt;" width="640" height="360">
        <img decoding="async" src="https://i.vimeocdn.com/video/941423585-bb14d63c3e435d4cdca031377118e83acb56ee9efac6492990ffbe8fb46eb7fd-d?region=us&#038;mw=1280&#038;mh=720&#038;q=100" alt="Video thumbnail" loading="lazy">
        <button class="video-play-button" aria-label="Play video">
            <svg width="68" height="48" viewBox="0 0 68 48"><path d="M66.52 7.74c-.78-2.93-2.49-5.41-5.42-6.19C55.79.13 34 0 34 0S12.21.13 6.9 1.55c-2.93.78-4.63 3.26-5.42 6.19C.06 13.05 0 24 0 24s.06 10.95 1.48 16.26c.78 2.93 2.49 5.41 5.42 6.19C12.21 47.87 34 48 34 48s21.79-.13 27.1-1.55c2.93-.78 4.64-3.26 5.42-6.19C67.94 34.95 68 24 68 24s-.06-10.95-1.48-16.26z" fill="red"/><path d="M45 24L27 14v20" fill="white"/></svg>
        </button>
        <div class="video-consent-notice" style="display: none;">
            <p class="video-consent-text first-attempt">To watch the video, you need to accept cookies.</p>
            <p class="video-consent-text try-again">Cookies have not been accepted yet. Please accept cookies first and try again.</p>
            <button class="check-cookies-btn">Check Cookies</button>
        </div>
    </div>
</div></figure>

<p>Las 29 graduadas y 16 graduados del internado Schloss Torgelow desean que en relación con su promoción 2020 no solo se recuerde la pandemia de Corona. Lo han logrado con un destacado promedio de 1,8 y siete veces el promedio soñado de 1,0. Disfruten de la película de graduación de este año.  </p>

<p>Internado Schloss Torgelow: Bachillerato 2020 &#8211; La Película</p>

<!-- This site is optimized with the Yoast SEO plugin v26.9 - https://yoast.com/product/yoast-seo-wordpress/ -->
<title>Internado Schloss Torgelow: Bachillerato 2020 - La Película</title>
<meta name="description" content="Abitur 2020 – La película: Un año especial con un fuerte sentido de unión, una destacada nota promedio de 1,8 y siete veces la nota soñada de 1,0." />
<meta name="robots" content="index, follow, max-snippet:-1, max-image-preview:large, max-video-preview:-1" />
<link rel="canonical" href="https://www.schlosstorgelow.de/es/videos/internado-schloss-torgelow-bachillerato-2020-la-pelicula" />
<meta property="og:locale" content="es_ES" />
<meta property="og:type" content="article" />
<meta property="og:title" content="Internado Schloss Torgelow: Bachillerato 2020 - La Película" />
<meta property="og:description" content="Abitur 2020 – La película: Un año especial con un fuerte sentido de unión, una destacada nota promedio de 1,8 y siete veces la nota soñada de 1,0." />
<meta property="og:url" content="https://www.schlosstorgelow.de/es/videos/internado-schloss-torgelow-bachillerato-2020-la-pelicula" />
<meta property="og:site_name" content="Schloss Torgelow" />
<meta property="article:modified_time" content="2026-01-11T07:07:27+00:00" />
<meta name="twitter:card" content="summary_large_image" />
<script type="application/ld+json" class="yoast-schema-graph">{"@context":"https://schema.org","@graph":[{"@type":"WebPage","@id":"https://www.schlosstorgelow.de/es/videos/internado-schloss-torgelow-bachillerato-2020-la-pelicula#webpage","url":"https://www.schlosstorgelow.de/es/videos/internado-schloss-torgelow-bachillerato-2020-la-pelicula","name":"Internado Schloss Torgelow: Bachillerato 2020 - La Película","isPartOf":{"@id":"https://www.schlosstorgelow.de/es#website"},"primaryImageOfPage":{"@id":"https://www.schlosstorgelow.de/es/videos/internado-schloss-torgelow-bachillerato-2020-la-pelicula#primaryimage"},"image":{"@id":"https://www.schlosstorgelow.de/es/videos/internado-schloss-torgelow-bachillerato-2020-la-pelicula#primaryimage"},"thumbnailUrl":"https://www.schlosstorgelow.de/wp-content/uploads/2025/07/internat-schloss-torgelow-abitur-2020-der-film-1.avif","datePublished":"2020-08-17T08:21:58+00:00","dateModified":"2026-01-11T07:07:27+00:00","description":"Abitur 2020 – La película: Un año especial con un fuerte sentido de unión, una destacada nota promedio de 1,8 y siete veces la nota soñada de 1,0.","breadcrumb":{"@id":"https://www.schlosstorgelow.de/es/videos/internado-schloss-torgelow-bachillerato-2020-la-pelicula#breadcrumb"},"inLanguage":"es","potentialAction":[{"@type":"ReadAction","target":["https://www.schlosstorgelow.de/es/videos/internado-schloss-torgelow-bachillerato-2020-la-pelicula"]}]},{"@type":"ImageObject","inLanguage":"es","@id":"https://www.schlosstorgelow.de/es/videos/internado-schloss-torgelow-bachillerato-2020-la-pelicula#primaryimage","url":"https://www.schlosstorgelow.de/wp-content/uploads/2025/07/internat-schloss-torgelow-abitur-2020-der-film-1.avif","contentUrl":"https://www.schlosstorgelow.de/wp-content/uploads/2025/07/internat-schloss-torgelow-abitur-2020-der-film-1.avif","width":1920,"height":1080,"caption":"Internado Schloss Torgelow: Abitur 2020 - La película"},{"@type":"BreadcrumbList","@id":"https://www.schlosstorgelow.de/es/videos/internado-schloss-torgelow-bachillerato-2020-la-pelicula#breadcrumb","itemListElement":[{"@type":"ListItem","position":1,"name":"Startseite","item":"https://www.schlosstorgelow.de/es"},{"@type":"ListItem","position":2,"name":"Internado Schloss Torgelow: Bachillerato 2020 &#8211; La Película"}]},{"@type":"WebSite","@id":"https://www.schlosstorgelow.de/es#website","url":"https://www.schlosstorgelow.de/es","name":"Schloss Torgelow","description":"El internado privado Schloss Torgelow: el internado para alumnos que buscan un reto.","potentialAction":[{"@type":"SearchAction","target":{"@type":"EntryPoint","urlTemplate":"https://www.schlosstorgelow.de/es?s={search_term_string}"},"query-input":{"@type":"PropertyValueSpecification","valueRequired":true,"valueName":"search_term_string"}}],"inLanguage":"es"}]}</script>
<!-- / Yoast SEO plugin. -->

Internado Schloss Torgelow: Bachillerato 2020 - La Película

Abitur 2020 – La película: Un año especial con un fuerte sentido de unión, una destacada nota promedio de 1,8 y siete veces la nota soñada de 1,0.

Internado Schloss Torgelow: Abitur 2020 - La película
